(-52)/(-3)).
19, 601
Let t(n) be the second derivative of 14*n**4/3 + 5*n**3/3 - 61*n**2/2 - 2*n - 93. What are the prime factors of t(5)?
3, 463
Suppose p = -7*p + 2520. Let q = 567 - p. List the prime factors of q.
2, 3, 7
Suppose 4*x - 4*v - 13124 = 25532, v + 38662 = 4*x. Suppose 10*u - 2994 - x = 0. What are the prime factors of u?
2, 3, 211
Let g = -109 - -198. Suppose -v = -r + g, -2*r + 4*v + 265 = r. List the prime factors of r.
7, 13
Let f(l) = 354*l + 1799. List the prime factors of f(28).
7, 239
Suppose 4*t = -2*t + 4230. Suppose 7*l - 44 = t. Let u = l + 63. List the prime factors of u.
2, 5, 17
What are the prime factors of 179474/3 + (-380)/(-114)?
2, 14957
Let q = 722 + -765. Let h(n) = -3*n - 66. List the prime factors of h(q).
3, 7
Let k be 154/28 + 3/(-2). Suppose -12*w - k = -40. Suppose -w*z - 2*g + 47 = -31, 4*g = -12. What are the prime factors of z?
2, 7
Let z = -2202 + 3648. List the prime factors of z.
2, 3, 241
Let f = -267 + 552. Suppose 0 = w - k - f, 3*w - 2*w - 4*k = 282. What are the prime factors of w?
2, 11, 13
Let q = 23408 + -8066. List the prime factors of q.
2, 3, 2557
Suppose 58*x - 42*x + 5424 = 0. Let u = x + 1038. What are the prime factors of u?
3, 233
Let x = 182941 - 113815. What are the prime factors of x?
2, 3, 41, 281
Let n(a) = -a**3 - 2*a**2 + 3*a + 6. Let y be n(-3). Suppose 57 = 4*i - 3*k, 0 = -2*i + y*i + k - 61. List the prime factors of i.
3, 5
Suppose 0 = 3*k + 5*a - 5144, 3396 = -204*k + 206*k - 5*a. What are the prime factors of k?
2, 7, 61
Let r(t) = -99*t - 1. Let a be r(-1). Let s = 150 - a. Suppose -2*v + 136 = -s. What are the prime factors of v?
2, 47
Let h(d) = -8*d**3 - 2*d**2 - d. Let j be h(-1). Suppose j*n = 2*n - 1650. Let w = n - -485. What are the prime factors of w?
5, 31
Suppose 2*x - 5*k = 16143 + 11008, k = x - 13571. What are the prime factors of x?
2, 53
Let m(n) = -285*n + 3219. List the prime factors of m(-12).
3, 2213
Let u(n) = n**3 + 4*n - 9. Let c be u(5). Let p = c + -132. Suppose 1109 = p*z + 5*m, 2*z - 547 = -3*m - 2*m. What are the prime factors of z?
281
Let y be 12758/6 + (-10)/(-6). Suppose 10*n = 6118 - y. List the prime factors of n.
3, 7, 19
Suppose 2*a - 767 + 193 = 0. Let c = -258 + a. What are the prime factors of c?
29
Let u be (-2)/(2/(-1 - 3)). Suppose -4*z - u*h = -2*h - 40, h - 4 = 0. Suppose z*s - 855 = -135. List the prime factors of s.
2, 3, 5
Suppose -52*d + 14532 = -45*d. Suppose -d = 159*i - 162*i. List the prime factors of i.
2, 173
Suppose -90*h = -92*h + 30. Let r(t) = -t**3 + 15*t**2 + 12*t + 1. What are the prime factors of r(h)?
181
Let m(i) = 12 + 0*i - i - 9*i**2 - 5*i. Let r(x) = x**3 - x**2 - 1. Let z(b) = m(b) - r(b). What are the prime factors of z(-7)?
2, 3
Let l = -4 + 19. Let z be 3 + 138*10/l. Suppose o = f - 115, 0 = 4*f - 5*f - 4*o + z. List the prime factors of f.
3, 37
Let s = -25921 + 37765. What are the prime factors of s?
2, 3, 7, 47
Let r be (-32542)/(-477) + -2 + 32/18. Suppose 56*v - r*v = -2364. List the prime factors of v.
197
Suppose -32*s = -31*s - 3*y - 32, 55 = 2*s - 3*y. List the prime factors of s.
23
Let x = -8172 - -13068. List the prime factors of x.
2, 3, 17
Let o(n) be the second derivative of n**4/3 + n**3/2 - 11*n**2 + n + 63. Let j be 2/(-8) + 46/(-8). What are the prime factors of o(j)?
2, 13
Suppose 5*m + 0 - 175 = 0. Let p = m + -13. Suppose -p*u + 240 = -16*u. What are the prime factors of u?
2, 5
Suppose -3*z = -3*u - 54, -3*z - 3*u + 25 = -5. Suppose 3*y = 74 - z. Suppose -64 - y = -c. What are the prime factors of c?
2, 3, 7
Let h be (-5 + 4)/((-4)/6)*2. What are the prime factors of (1 + h/2)/(15/2280)?
2, 5, 19
Let x = -373 + 377. List the prime factors of (((-384)/15)/(-1))/(x/110).
2, 11
Let z(s) = -5*s**2 - 34*s - 24. Let l be z(-6). Let v be (-1 - 1) + 0 + 97. Suppose n - v - 46 = l. List the prime factors of n.
3, 47
Suppose -2*o - 288 = u, 4*o = 4*u - 3*u - 588. Let v be (o/4)/((-4)/(-24)*-3). Suppose -4*h = 5*t - 296, -2*h - v = -3*h - t. List the prime factors of h.
3, 23
Let a(c) = 462*c + 701. List the prime factors of a(3).
2087
Let t = 147 - 129. Let n(c) = 8*c**2 - 61*c + 31. List the prime factors of n(t).
5, 61
Let n be 4 + 0 - (1597 + -69). List the prime factors of n*5/45*-3.
2, 127
Let i(s) = -11*s**2 + 65*s + 11. Let c be i(6). Suppose 3*x + c*v = 3429, x - 4*v = 2*x - 1150. List the prime factors of x.
2, 569
Let a = -3017 - -2004. Let k = a - -1686. List the prime factors of k.
673
Let l = 16 - -4. Suppose -j = -2*j - z + l, 4*j + z - 74 = 0. What are the prime factors of (-27314)/(-126) + 4/j?
7, 31
Let a = -11209 + 22674. List the prime factors of a.
5, 2293
Let w(b) = -b + 7. Let k be w(3). Suppose 108 = 4*q - k. Let v = q - 25. List the prime factors of v.
3
Suppose -t + 3 = -2. Suppose 5*p = 3*w - 864, -5*w + 1051 + 379 = -t*p. List the prime factors of w.
283
Suppose -473*n = -477*n - 1760. Let p = -261 - n. What are the prime factors of p?
179
Let s = -119 + 114. Suppose -5*m = 20, -m = 3*i + 3*m + 28. List the prime factors of i + (34 - (-2 - s)).
3
Let r(y) = -11*y + 41*y - 7*y + 239 - 2*y. List the prime factors of r(26).
5, 157
Suppose 0 = -4*s - q + 167125, -850*q = 3*s - 855*q - 125361. List the prime factors of s.
2, 13, 1607
Let g = 43146 - 27825. List the prime factors of g.
3, 5107
Let x(s) = -3*s + 14. Let a be x(6). Suppose w + 2*r = -6, 5*r = w + 7 - 15. List the prime factors of w + 2 - 338*a/8.
13
Let b be (63/12)/(1 - (-3)/(-12)). List the prime factors of 347*(-6 + 8) + b.
701
Let n(d) = -61*d**3 - d**2 - 33*d + 52. What are the prime factors of n(-6)?
2, 5, 13, 103
Let f(j) be the first derivative of -j**4 + j**3/3 - 7*j - 8. Let g be f(3). Let p = 273 + g. List the prime factors of p.
167
Suppose -6*q - l + 809 = -3*q, -3*q + 821 = -2*l. Let b = 92 + q. What are the prime factors of b?
3, 11
Suppose 34*o = 5*o - 22562. Let j = 1185 + o. What are the prime factors of j?
11, 37
Let j be (0/(3/(9/(-3))))/3. Suppose j = 2*o, 5*r - o = 8*r - 738. What are the prime factors of r?
2, 3, 41
Suppose 828675 = -351*m - 61*m + 10956459. What are the prime factors of m?
2, 3, 17, 241
Suppose -5*g - 12 = -8*g. Suppose 0 = -4*a - 4*q + 1320, 6*a + 3*q - 660 = g*a. List the prime factors of a.
2, 3, 5, 11
Let i(t) = 4*t - 3. Let y be i(2). Let m be -5 + -51*(3 + -7). Suppose -y*p = 5, 0 = -5*v + 4*p + 50 + m. List the prime factors of v.
7
List the prime factors of (-4)/((-24)/9)*((-146200)/(-24) + -3).
9133
Let d = 143 + -138. List the prime factors of d + -5 + 0 - -606.
2, 3, 101
Suppose 0*t + 6 = 3*t. Suppose -2*u - 6 = -2*r + 2, t*u + 14 = 4*r. What are the prime factors of -2 - (1 + (-7 - u))?
3
Let o(y) = y - 3. Let i be o(7). Suppose -564 = 3*b + i*r, 5*b - 4*b - 3*r = -175. List the prime factors of (3/9*3)/((-2)/b).
2, 23
Suppose -2*y + 5874 = -3*r, -4*y - 596*r + 591*r = -11682. List the prime factors of y.
2, 3, 61
Let s = 18245 - 12858. List the prime factors of s.
5387
Let n be (-3)/5 - (-3)/(60/52). Suppose -3*x + w + 2311 = 0, n*w - 886 = -2*x + 660. List the prime factors of x.
3, 257
Let j(z) = -z**2 + z + 10. Let f be j(-3). List the prime factors of 29*(-1 + f)*-1.
3, 29
Suppose -3 = -3*o + 3*m, 11 = -o + 5*m - m. Suppose -6*n - o = -11*n. What are the prime factors of n + 6 + -3 + 130?
2, 67
Let l(u) = -9 + 6*u + 5*u**2 + 6 + 10 - u**3 + 0*u. Let d be l(6). Suppose -72 = -d*x + 3*x. What are the prime factors of x?
2, 3
Let v(z) = -258*z**3 - 96*z**2 - 555*z + 30. What are the prime factors of v(-6)?
2, 3, 19, 61
Let h = -26 - -88. Suppose 4*f - 948 = -c + h, -f - 990 = -c. List the prime factors of c.
2, 7, 71
Suppose -282 - 891 = -3*u. Suppose 0 = -o - 2, 3*a + 4*o - 291 - u = 0. Suppose -4*m = -6*m + a. List the prime factors of m.
5, 23
Let t = -545 + 658. Suppose 5*g + 0*g - 1375 = 0. Suppose 3*n = -2*n + k + g, -2*n + t = -k. List the prime factors of n.
2, 3
Let v = 5434 - 3314. What are the prime factors of v?
2, 5, 53
Let x = 1900 + -926. Let j = x - 445. List the prime factors of j.
23
Suppose 5*c - 16*c + 253 = 0. Let n = c - 18. Suppose 2*r = 2*q + 260, r - n*q = 3*r - 253. List the prime factors of r.
3, 43
Suppose -4*y + 13*v + 23 = 10*v, 0 = 5*v + 25. Suppose 2*g + 6 = n - y, -n = -g - 10. Let q(l) = l**3 - 11*l**2 + 